e -8*j + 5*k + 2597 = -6*j, -4*j = -4*k - 5176. Suppose -j = -10*u + 4699. What are the prime factors of u?
599
Suppose -3*i - 103 = -4*i - 3*m, 462 = 4*i + 2*m. Suppose i = x - 222. Let s = -144 + x. What are the prime factors of s?
2, 7
Suppose -2*a = 3*f - 32473, 18506 + 78907 = 6*a + 3*f. List the prime factors of a.
5, 17, 191
Let s = -56753 + 117859. List the prime factors of s.
2, 30553
Let z(b) = 721*b - 32. Let n be z(1). What are the prime factors of n*1/1 - -2?
691
Suppose -5*a = 4 + 31. Let b(o) = o**3 + 8*o**2 + 6*o - 7. Let t be b(a). Suppose t = 3*p - 7*p + 52. List the prime factors of p.
13
Suppose 0 = -3*l + 23*a - 20*a + 3372, 2*l - 2246 = 3*a. Let m = 1886 - l. What are the prime factors of m?
2, 5, 19
Suppose 11*d = 10 + 34. Suppose q = -5*p + 6157, d*p + 5*q - 2*q = 4919. What are the prime factors of p?
2, 7, 11
Let u(x) = 14*x - 48. Let l(y) = y + 2. Let g(m) = 6*l(m) + 2*u(m). List the prime factors of g(13).
2, 179
Suppose 233194 = 2*s + 2*s - 21*i, 2*i = 2*s - 116580. What are the prime factors of s?
2, 3643
Let d(h) = 2*h + 4. Let i(t) = 1. Let k(a) = d(a) + 6*i(a). Let o be k(-5). Suppose o*b = -p - 3*b + 45, 2*p + 4*b - 80 = 0. List the prime factors of p.
2, 3, 5
Let x(o) = 61 - 102*o + 32*o + 55 - 13. List the prime factors of x(-14).
3, 19
Let f(r) = -22*r**3 + 3*r**2 - 15*r - 109. List the prime factors of f(-6).
47, 103
Suppose 0 = 12*r - 49086 - 506262. List the prime factors of r.
46279
Suppose 0 = 5*z - 2*z - h - 4349, z - 2*h - 1448 = 0. Suppose -2*l + 2179 = 3*w, -3*l + z = 2*w - l. What are the prime factors of w?
3
Suppose -123 = -41*w + 40*w. Suppose 2*b + 2178 = 4*v, -v = 2*b - 414 - w. What are the prime factors of v?
3, 181
Let o(l) = 2*l**2 - 6*l + 7. Let f be o(2). Suppose f*r - 9*r = -2472. What are the prime factors of r?
2, 103
Let f(s) = -s + 11. Let m be f(-5). Suppose 46 = 9*w - 161. List the prime factors of (-40)/m*(1 - w).
5, 11
Let z be ((-8)/(-10))/((-2)/10) + 4893. Suppose 3863 = 16*c - z. What are the prime factors of c?
547
Let c be 4 - (-128)/(-28) - 296/(-28). Suppose 4*f = -9*k + c*k - 1360, -k + f = -1372. List the prime factors of k.
2, 43
List the prime factors of (-108)/(-270) - ((-34832)/10)/2.
2, 13, 67
Let y(w) = w**3 - 69*w**2 - 2*w + 514. What are the prime factors of y(71)?
2, 5227
Let u(q) = 34*q**2 + 19*q - 29. Let s be (-8)/(-24)*(-7)/(28/72). What are the prime factors of u(s)?
23, 47
Let o(z) = z**3 + 22*z**2 - 25*z - 31. Let w be o(-18). Let r = 2753 - w. List the prime factors of r.
2, 3, 173
Suppose 11*j + 363 = -4246. Let g = j - -668. What are the prime factors of g?
3, 83
Let x be 3*(-2 + 1) + 723. Let t = -251 + x. What are the prime factors of t?
7, 67
Suppose 9*k - 16*k - 364 = 0. Let g be (-13)/(k/(-8)) + (-358)/(-2). Let x = g - -67. List the prime factors of x.
2, 61
Let i = 2279 + -1526. Suppose 4*m = -i + 137. List the prime factors of 2*1/(-2) - m.
3, 17
Let w(t) = 8*t**3 - 15*t + 31. Let b be w(2). Suppose 59*l + 3900 = b*l. List the prime factors of l.
2, 5, 13
Suppose -2*c = -3*c + 4. Suppose 5*g + c*a + 12 = 0, -g = 3*g + 5*a + 15. Suppose 13*f - 403 - 52 = g. List the prime factors of f.
5, 7
Let q(n) = -n**3 - 6*n**2 + 8*n + 19. Let v be q(-7). Suppose 0 = -v*t - 4*t + 48. Suppose 3*d - 541 = -5*w, -2*d + d - t*w = -179. List the prime factors of d.
2, 7, 13
Suppose -33930*t = -33956*t + 1823848. List the prime factors of t.
2, 13, 19, 71
Suppose -7 = 7*r - 28. Suppose r*n - 18 = 2*n. Let q = n - -25. List the prime factors of q.
43
Suppose 3*z - 5914 = -2*j, 0 = 34*j - 29*j + 20. List the prime factors of z.
2, 3, 7, 47
Suppose 784 = -2*x + 824. What are the prime factors of (((-20)/6)/5)/(x/(-9810))?
3, 109
Suppose -2379 = -4*d + 3*z, 2*z = 4*d + z - 2377. Suppose 3*n + 78 = d. Suppose 2*h + n = 4*m + h, -2*m + 86 = -4*h. What are the prime factors of m?
43
Suppose -10*x - 1413 = -219243. List the prime factors of x.
3, 53, 137
Let s = -12041 + 28588. What are the prime factors of s?
16547
Let m be 5 - ((305 - 2) + -1). Let k = 745 + m. List the prime factors of k.
2, 7
Let a(x) be the second derivative of x**4/12 - 7*x**3/6 + 3*x. Let w(i) = -4*i. Let h be w(1). What are the prime factors of a(h)?
2, 11
Suppose -8*o - 3668 = -15*o. Suppose 4*c + 520 = -4*h, 0 = -4*h - 4*c + 2*c - o. Let w = 366 + h. List the prime factors of w.
2, 3, 13
Suppose 4*n - 5*r - 18 = 0, -8 - 5 = -n - 3*r. Suppose -2*z = 31 - n. Let c = 76 - z. List the prime factors of c.
2, 11
Suppose 26*n - 170125 = n. What are the prime factors of n?
5, 1361
Let u = 235 - 219. List the prime factors of 4*(-2)/u - 543/(-2).
271
Suppose 3*t - 2*m + 1576 = 0, 5*m + 1556 = -3*t + 3*m. What are the prime factors of (t/(-6))/((-3)/(-33))?
3, 11, 29
Suppose -4*x + 437 = 49. Let g be (-24620)/(-35) + ((-36)/(-7))/(-12). Suppose 4*t - g = x. What are the prime factors of t?
2, 5
Let v(w) = 87*w**2 + 14*w + 49. Suppose 36*x - 25*x + 33 = 0. What are the prime factors of v(x)?
2, 5, 79
Let p be (-4)/(-14) + (-864)/(-112). Suppose 4*l - 99 = -4*i + 361, -p = 4*i. Let o = 223 - l. List the prime factors of o.
2, 53
Suppose -53*p - 44408 = -417*p. What are the prime factors of p?
2, 61
Let w = 10129 + -5395. Suppose -7*d + w = -5815. List the prime factors of d.
11, 137
Let k = 887 - 794. Suppose 4*v + 3*f = 740, v - 3*f - 77 = k. List the prime factors of v.
2, 7, 13
Suppose 5*b + 20 = 5*t, -4*t + t - 2 = 4*b. Let s be ((-6)/(-4))/((-5)/10). List the prime factors of 3 - (350 + b)/s.
7, 17
Suppose 9*v + 148 = 7*v + z, v = 5*z - 74. Let l = v - -266. What are the prime factors of l?
2, 3
Suppose y = -5*w + 11, -3*w = 2*y - 5 - 3. Suppose 4*i + 3*v - 637 = 0, w*v = v - 1. What are the prime factors of i?
2, 5
Suppose -2*r = 6*b - b - 24755, -2*r + 24743 = b. List the prime factors of r.
2, 5, 1237
Let a(u) = 11*u - 157. Let t be a(15). Suppose -t*p = -1612 - 3716. What are the prime factors of p?
2, 3, 37
Let z = -9574 - -19102. List the prime factors of z.
2, 3, 397
Suppose 2*f - 2*q - 24036 = 0, 184*f + q = 180*f + 48087. List the prime factors of f.
3, 4007
Let x = 5198 + -2718. Let u = -1397 + x. List the prime factors of u.
3, 19
Let a = 2796 + -1496. Suppose -4*u + c = -3511, u + 5*c + 438 = a. List the prime factors of u.
877
Let m(v) = 10*v**3 - 7*v**2 - 46*v + 17. List the prime factors of m(10).
17, 521
What are the prime factors of (49317 - -33) + 108/(-6)?
2, 3, 4111
Suppose 0 = -21*l - 124570 + 333452 + 650795. List the prime factors of l.
13, 47, 67
Let z(d) = 2069*d**3 - 3*d**2 + 12*d - 11. List the prime factors of z(1).
3, 13, 53
Let i = 68 + 372. What are the prime factors of i?
2, 5, 11
Let w = 203 - 85. Suppose i = -4*c + 470, -w = -3*c + i + 238. List the prime factors of c.
2, 59
Let b be (1 + -2 + -9)*20/(-25). Let z(p) = 2*p**3 - 11*p**2 + 12*p - 5. List the prime factors of z(b).
3, 137
Suppose y = -3, 0 = -3*h - 2*h - 2*y + 1034. What are the prime factors of 22/(240/h + 1/(-1))?
11, 13
Let x be 7/(-35) + (-68)/10. Let a(m) = -10*m + 5. List the prime factors of a(x).
3, 5
Suppose 8*c - 8*c = -5*c. Suppose c = 7*m + 315 - 1491. List the prime factors of m.
2, 3, 7
Suppose 5*j = -5*i + 60, -2*i - 3*j + 5*j + 32 = 0. Let w be (-48)/28*i/(-4). List the prime factors of 4/w - 1140/(-45).
2, 13
Let h be (-147 + 1 - -2)/(50/(-1425)). Let p be 0 - 9/(-15) - h/15. Let b = -14 - p. List the prime factors of b.
7, 37
Let s = 116 + -90. Suppose 9*c = -4*c + s. What are the prime factors of (45 + -12)*1*c/3?
2, 11
Suppose 0 = -2*d - 5*g + g + 26, -4*g + 20 = 0. Suppose -4*q + 543 = -3*i, 5*q + 0*i + d*i = 645. What are the prime factors of q?
2, 3, 11
Suppose 22 + 338 = -8*b. Let h be (b/(-4) + 2 - 2)*-20. Let w = h - -351. What are the prime factors of w?
2, 3, 7
Let j(y) = 138*y**3 - 7*y**2 + 23*y + 19. What are the prime factors of j(4)?
8831
Suppose -s - 9*w + 17092 = s, 3*w - 6 = 0. What are the prime factors of s?
8537
Let y(l) = l + 24. Let u be y(-4). Suppose -4*m + u = m. Suppose -5*z + n = -1181, 4*z + m*n - 577 = 363. List the prime factors of z.
2, 59
Suppose -3*a - 14 = -v, -2*v = a + 2*v + 9. Let m(d) = -38*d - 4. Let o be m(a). Suppose -3*k + 314 = c, -2*k - 2*c + 6*c + o = 0. List the prime factors of k.
103
Let i = -11547 - -62605. What are the prime factor